 Let g(j) = j**2 - j - 4. Let w be g(z). Let y(q) = -q**3 + 9*q**2 - 2*q + 3. Is y(w) prime?
False
Let f = 34 - 31. Suppose -929 + 50 = -f*t. Is t a composite number?
False
Suppose 5*y - 266 - 274 = 0. Suppose -y = 4*k - 0*k. Let b = 238 + k. Is b a prime number?
True
Suppose 12*h = 4782 + 11334. Is h composite?
True
Suppose 0 = -i - 3*i - 3*q + 32, q - 24 = -4*i. Let z = i + -4. Is (-1 + 2 + 88)*z a prime number?
True
Is ((-2586879)/276)/((-6)/8) composite?
False
Let g(z) = z**3 + 14*z**2 - 5*z - 10. Let c be g(-9). Suppose -d = -c - 74. Is d a composite number?
True
Let a(m) = m**3 - 11*m**2 - 6*m + 1. Suppose -6*j + 7*j = 3. Let y(z) = 2*z**3 - 12*z**2 - 7*z + 2. Let b(t) = j*a(t) - 2*y(t). Is b(-10) prime?
True
Let x(n) = -n**3 - 4*n**2 - 3*n - 6. Let b be x(-4). Suppose -b*h = -4*h - 198. Let r = 248 - h. Is r composite?
False
Let p = -2 - -3. Let y(w) = -255*w + 1. Let r(x) = x. Let o(j) = 3*r(j) - y(j). Is o(p) a prime number?
True
Let x be 10/(-4)*(-2 - 0). Suppose -5*k + 5495 = x*y, 5*y - 2*y = -5*k + 3287. Let m = y + -605. Is m prime?
True
Suppose -y = 75 - 1758. Let i = -1096 + y. Is i prime?
True
Suppose -3*p = -12, -4*p = -4*h + p + 97064. Is h a composite number?
True
Suppose 3297 + 44 = -3*a - 4*r, -r - 3344 = 3*a. Let g = 236 - a. Is g composite?
True
Let f(j) = 3920*j - 317. Is f(8) a prime number?
False
Let o = 3579 + 2944. Suppose -5*b = 3*g - 10877, -4*b - g + o = -b. Is b composite?
True
Suppose -20*i + 31794 = -14*i. Is i composite?
True
Suppose 224530 = 10*n - 206800. Is n a prime number?
True
Suppose 2*p - 2760 = -4*m, 5*p + 2057 = -2*m + 5*m. Is m a composite number?
True
Suppose f + 4 = -3*x + 23, -2*f + 32 = 5*x. Suppose x*w = 49 + 5. Let m(t) = 25*t - 22. Is m(w) composite?
True
Let s(g) = -3*g**3 - 2*g**2 + g + 6379. Is s(0) a composite number?
False
Let g(d) = d**3 - d. Let l(a) = 6*a**3 - 4*a - 7. Let k(w) = 5*g(w) - l(w). Is k(-9) a composite number?
True
Let y(v) = v**2 - v - 1. Let b(a) = -2*a**2 - 17*a - 14. Let s(m) = -b(m) + 3*y(m). Is s(-10) prime?
False
Is 30/(-4)*551514/(-153) a prime number?
False
Is 3*(-70552)/(-96) - 5/(-4) prime?
False
Let k be (-3)/(-15) + (-45)/(-25). Suppose -2*s = k, -983 = -r - 3*r - s. Let i = 395 - r. Is i a composite number?
False
Let o(k) = -3*k - 12. Let w be o(-5). Is w/15*5*23 prime?
True
Let k be (3/4)/(1/668). Is ((-69)/(-9) + -3)/(2/k) composite?
True
Let c(f) = -f**3 + 20*f**2 + 12*f - 6. Is c(10) a composite number?
True
Let y(s) = s**2 - 4 + 0 - 62*s**3 + 3 - 51*s**3. Is y(-1) prime?
True
Let r(x) = 2*x + 5. Let d be r(-4). Let w be (1/d)/(8/(-24)). Is (-636)/(-5) - w/5 a prime number?
True
Suppose 3*b - 23 = 28. Let n(r) be the second derivative of r**3/3 + 13*r**2/2 + 10*r. Is n(b) prime?
True
Let i(c) = 2655*c - 56. Is i(1) a prime number?
False
Suppose 4 = -4*s + 4*a, 0 = -2*s + 3*s - 2*a - 2. Let k(n) = 23*n**2 + 11*n - 2. Let t(p) = -11*p**2 - 6*p + 1. Let l(q) = 3*k(q) + 5*t(q). Is l(s) composite?
False
Let z(a) = 3*a**2 - a - 4. Let o be z(2). Suppose 4*w - 4 = o*w. Is 3045/(-10)*w/3 composite?
True
Let f = -16 - -11. Let w(v) be the third derivative of -31*v**4/24 + v**3 - 3*v**2. Is w(f) composite?
True
Let f(s) = 756*s + 31. Is f(2) a prime number?
True
Let x(c) = 80*c**2 - c + 5. Let t be x(4). Suppose z = 4*z - t. Is z a prime number?
False
Suppose -5*l + 11639 = -27846. Is l prime?
False
Is 1365 - (-7 - (-6 - -5)) prime?
False
Let q(x) = -2*x - 2. Let j(r) = -r - 1. Let d(s) = 2*s**2 - 5*s - 3. Let i(u) = -d(u) + 2*j(u). Let v be i(3). Is q(v) a composite number?
True
Let k be 12/18 - 1651/(-3) - 2. Let s = k + 38. Is s a prime number?
True
Let b = -80 + 82. Is (-3)/(b - (-4637)/(-2317)) a composite number?
True
Suppose 0 = 3*b + b - 8. Suppose 3*l + b*g = 199, -l = -5*l - 2*g + 264. Is l a composite number?
True
Suppose -10*u + 10 = -8*u. Suppose 480 = 3*t + u*a - 1065, -3*t + 1545 = -5*a. Is t composite?
True
Suppose 2*n + t = -31, -8*n - 2*t = -5*n + 47. Is 2/(-4) + n/6 - -1734 composite?
True
Let x(v) = 21*v**2 + 6*v - 12. Let g be x(5). Suppose g = i - 5*l, -l = i - 5*i + 2077. Suppose -j + i = j. Is j a composite number?
True
Let d(q) = 22*q + 31. Is d(10) composite?
False
Let i(w) = 12*w**2 + 55*w - 86. Is i(-51) prime?
False
Suppose -90*p + 9 = -87*p. Let x(d) = 20*d**3 - 2*d**2 - 6*d - 2. Is x(p) composite?
True
Suppose -3*w + 2071 = 5*v, 2*v + 3*w + 2*w - 836 = 0. Let s(t) = t**2 + 7*t - 10. Let j be s(7). Suppose -v = -5*o - j. Is o prime?
False
Let b = 1884 - 414. Suppose 0*h - j = -3*h + b, 0 = 2*h + 2*j - 972. Is h composite?
True
Suppose 5*p - p - 4 = 0. Let f(w) = w**3 - w**2 + w - 1. Let b(m) = -6*m**3 + 3*m**2 - 9*m + 1. Let z(y) = p*b(y) + 5*f(y). Is z(-5) a composite number?
True
Let m(t) = -5*t**3 - 5*t**2 - 4*t + 19. Let h(o) = -o**3 - o**2 - o. Let b(v) = 4*h(v) - m(v). Is b(6) prime?
True
Is (29 + -10)/(-2 + 118/58) a composite number?
True
Suppose -1721 = 4*h - 10077. Let t = h + -1202. Is t prime?
True
Let t(f) be the first derivative of 37*f**2 - 7*f + 1. Suppose -17 = g + 4*h, -g + 4*h + 2 + 21 = 0. Is t(g) a composite number?
True
Let k(m) = -2*m + 6. Let o be k(2). Suppose -4*u - 4791 - 2520 = -5*w, o*u = -2*w + 2910. Is w prime?
True
Suppose 1738 - 24117 = -7*v. Is v a prime number?
False
Suppose 3*t = 3*q - 1083, 2*q + 2*t - 1426 = -2*q. Is q composite?
True
Let y(f) = f**3 - 3*f**2 + 2*f - 4. Let u(h) = 2*h**3 - 4*h**2 + 3*h - 4. Let q(i) = -2*u(i) + 3*y(i). Suppose l = 5*l + 12. Is q(l) composite?
True
Let f = -12645 + 31762. Is f a prime number?
False
Let x be 10/(-45) + (-34)/9. Let q be (-1)/x + 1101/12. Let y = 207 - q. Is y a prime number?
False
Suppose 24*r = -10*r + 7582. Is r a composite number?
False
Let p(a) = 29*a**2 + a - 1. Suppose 0 = -7*n + 6 + 1. Let y be p(n). Let o = y - -8. Is o prime?
True
Let z(f) = -12 - f + 13 - 14*f - 39*f. Let v be 1*-3 - (-2)/2. Is z(v) composite?
False
Suppose 7*d - 6705 = -1182. Is d composite?
True
Suppose 2*b - 14832 = -2*o, 0 = -2*b + 3*o + 7201 + 7606. Is b prime?
True
Suppose 3*c + 0*c + 4*o - 1 = 0, 4*c = -o - 16. Let m be (-30)/6*4/c. Suppose 0 = 3*l + 2*b - 69, m*l + 5*b + 0*b = 92. Is l a composite number?
False
Let p(u) = 2*u**2 + 6*u - 6. Let m be p(-5). Let k = 20 - m. Suppose -2*b - 808 = -4*g, 1021 = k*g - g + 3*b. Is g composite?
True
Suppose -18*c - 7*c + 25225 = 0. Is c composite?
False
Suppose 982 = 5*d - 3*i - i, 188 = d - 5*i. Let o = -66 - -62. Let n = o + d. Is n a composite number?
True
Let c be -2 + (-2 + 3)*0. Is 38/(1 - (2 + c)) a prime number?
False
Let r(u) = 12*u - 10. Suppose 4*m - a = 27, 2*m + 0*m + 3*a - 17 = 0. Is r(m) a composite number?
True
Suppose -18*y = -4*y - 289394. Is y a composite number?
True
Let z = 2403 + 1420. Is z composite?
False
Suppose 4*x = o + 21, -3*o = -3*x - 4*o + 14. Suppose -2*g + g - 1062 = -4*p, 0 = -x*p + 4*g + 1333. Is p a composite number?
True
Let p be (3 + -4)*1*3. Let y = p + 9. Let v(r) = 2*r**2 - 7*r + 5. Is v(y) a composite number?
True
Let m(r) = -r + 1. Let a be m(-4). Let j be (-1)/2*20/(-5). Suppose -441 = -a*f - 2*i, -f - 3*i - j = -85. Is f composite?
False
Is 53/7 - 7 - 74738/(-14) composite?
True
Let c = 8 - 6. Suppose 0 = c*s - 2*y - 516, 3*s - 353 - 411 = y. Is s a prime number?
False
Let d(t) = 2148*t - 5. Is d(8) prime?
False
Suppose -x + 12472 = -l + 4*l, 0 = 5*x + 25. Suppose l + 21608 = 9*w. Is w a composite number?
True
Let g(v) = -4*v**3 + 9*v + 3. Let k be g(-5). Suppose -5*q = -432 - k. Is q a composite number?
True
Suppose y + 278425 = 4*l, -97*y = -3*l - 93*y + 208835. Is l a composite number?
True
Let z(a) = -10*a**2 + 6*a**2 - 11*a**2 + 5*a. Let g be z(-4). Is g/(-3) + 4/(-6) a prime number?
False
Suppose -3*w = w - 52. Suppose 0 = 9*x - w*x + 2084. Is x prime?
True
Is 1267019/65 - 4/(-10) prime?
False
Suppose 4*u = 4*c - 0*u - 4, 5*u = -5*c + 45. Suppose -5*g - c*d + 860 = -0*d, -3*g - 2*d = -521. Is g prime?
False
Suppose -4*o + 2*n = -36, -4*o + 36 = -0*n - 3*n. Let v = o + -9. Let r(a) = a + 49. Is r(v) a composite number?
True
Let b = -280 + 75. Let r be (-5 - -3)/((-3)/(-519)). Let i = b - r. Is i a prime number?
False
Suppose 29 = 4*b + 5. Is ((-604)/b)/(16/(-72)) composite?
True
Is ((-2)/(-4))/(-3 - (-5094645)/1698210) composite?
True
Suppose -210*t = -223*t + 127634. I